{"id":702,"date":"2022-09-24T19:39:11","date_gmt":"2022-09-24T18:39:11","guid":{"rendered":"https:\/\/www.agroeshop.hu\/?post_type=product&#038;p=702"},"modified":"2024-03-24T23:33:52","modified_gmt":"2024-03-24T22:33:52","slug":"hecht-554-sxe-benzinmotoros-onjaro-funyiro","status":"publish","type":"product","link":"https:\/\/www.agroeshop.hu\/?product=hecht-554-sxe-benzinmotoros-onjaro-funyiro","title":{"rendered":"HECHT 554 SXE &#8211; Benzinmotoros \u00f6nj\u00e1r\u00f3 f\u0171ny\u00edr\u00f3"},"content":{"rendered":"<h2 class=\"text-center fs_26 mb_20\">Term\u00e9k le\u00edr\u00e1sa<\/h2>\n<p><strong>El\u0151ny\u00f6k:<\/strong><\/p>\n<ul>\n<li>Min\u0151s\u00e9gi benzinmotor OHV 224 cc rendszerrel<\/li>\n<li>5 az 1 &#8211; ben<\/li>\n<li>E-start \u2013 egyszer\u0171 gombos ind\u00edt\u00e1s<\/li>\n<li>Oldals\u00f3 kil\u00f6k\u0151 \u00e9s mulcsoz\u00f3 dug\u00f3 mell\u00e9kelve<\/li>\n<li>A nagy nyomat\u00e9k m\u00e9g s\u0171r\u0171bb f\u0171ny\u00edr\u00e1sra is alkalmas<\/li>\n<li>Ide\u00e1lis k\u00f6zepes m\u00e9ret\u0171 telkekhez<\/li>\n<li>Az \u00f6nj\u00e1r\u00f3 3,6 km\/h sebess\u00e9gnek k\u00f6sz\u00f6nhet\u0151en a f\u0171ny\u00edr\u00e1s gyorsabb \u00e9s kev\u00e9sb\u00e9 meger\u0151ltet\u0151<\/li>\n<li>A felhaszn\u00e1l\u00f3k \u00e9rt\u00e9kelni fogj\u00e1k a tart\u00f3s f\u00e9m v\u00e1zat<\/li>\n<li>A foganty\u00fak gyors \u00f6sszecsuk\u00e1sa a k\u00f6nnyebb sz\u00e1ll\u00edt\u00e1s, \u00e9s a gar\u00e1zsban val\u00f3 helytakar\u00e9koss\u00e1g \u00e9rdek\u00e9ben<\/li>\n<li>K\u00e9nyelmes puha markolat, amely n\u00f6veli a munkav\u00e9gz\u00e9s k\u00e9nyelm\u00e9t<\/li>\n<li>A 8 h\u00fcvelykes els\u0151 \u00e9s 10 h\u00fcvelykes h\u00e1ts\u00f3 kerekek jav\u00edtj\u00e1k a f\u0171ny\u00edr\u00e1s kezelhet\u0151s\u00e9g\u00e9t, \u00e9s ink\u00e1bb kiv\u00e9teles ebben a kateg\u00f3ri\u00e1ban (goly\u00f3scsap\u00e1gyat tartalmaznak)<\/li>\n<li>Az els\u0151 l\u00f6kh\u00e1r\u00edt\u00f3 v\u00e9delemk\u00e9nt szolg\u00e1l, \u00e9s tartalmaz egy foganty\u00fat is az alkalmi sz\u00e1ll\u00edt\u00e1shoz<\/li>\n<li>A k\u00f6zponti v\u00e1g\u00e1si magass\u00e1g \u00e1ll\u00edt\u00e1s n\u00f6veli a munkav\u00e9gz\u00e9s k\u00e9nyelm\u00e9t<\/li>\n<li>A szil\u00e1rd, l\u00e9g\u00e1tereszt\u0151 anyagb\u00f3l k\u00e9sz\u00fclt kos\u00e1r jav\u00edtja a szell\u0151z\u00e9st, \u00edgy garant\u00e1lt a kiv\u00e1l\u00f3 f\u0171gy\u0171jt\u00e9s<\/li>\n<li>Kiv\u00e1l\u00f3 min\u0151s\u00e9g\u0171 kombin\u00e1lt gy\u0171jt\u0151kos\u00e1r m\u0171anyag tetej\u0171 t\u00f6lt\u00e9sjelz\u0151vel<\/li>\n<li>A modern sebess\u00e9gv\u00e1lt\u00f3 hosszabb \u00e9lettartamot garant\u00e1l<\/li>\n<\/ul>\n<p>Ha egy nagy teljes\u00edtm\u00e9ny\u0171, \u00f6nj\u00e1r\u00f3,\u00a0<strong>elektromos ind\u00edt\u00e1ssal rendelkez\u0151<\/strong>\u00a0f\u0171ny\u00edr\u00f3t v\u00e1laszt\u00a0, a HECHT 554 SXE 5in1 motoros f\u0171ny\u00edr\u00f3 lehet a megfelel\u0151 v\u00e1laszt\u00e1s.\u00a0A f\u0171ny\u00edr\u00f3 hajt\u00e1s\u00e1hoz n\u00e9gy\u00fctem\u0171, 224 cm\u00a0<sup>3<\/sup>\u00a0\u00a0\u00e9s 4,4 kW teljes\u00edtm\u00e9ny\u0171\u00a0HECHT bels\u0151\u00e9g\u00e9s\u0171 motor szolg\u00e1l\u00a0.\u00a0A f\u0171ny\u00edr\u00f3 ac\u00e9llemezb\u0151l k\u00e9sz\u00fcl.\u00a0Az 53 cm-es ac\u00e9lpeng\u00e9j\u00e9vel a kasza ak\u00e1r 1500 m\u00a0<sup>2<\/sup>\u00a0ter\u00fclet\u0171 nagy kertek rendszeres ny\u00edr\u00e1s\u00e1ra is alkalmas.<\/p>\n<p>A robusztus fel\u00e9p\u00edt\u00e9s ellen\u00e9re a f\u0171ny\u00edr\u00f3 mind\u00f6ssze 41 kg-ot nyom.\u00a0Mivel azonban a kos\u00e1r f\u0171ny\u00edr\u00e1s k\u00f6zben megtelik f\u0171vel, a s\u00falya megn\u0151.\u00a0A f\u0171ny\u00edr\u00f3 azonban meghajt\u00f3val van felszerelve, \u00edgy a kezel\u0151nek nem kell tolnia, \u00e9s a munka sem meger\u0151ltet\u0151.<\/p>\n<p>A lev\u00e1gott f\u00fcvet tart\u00f3s anyagb\u00f3l k\u00e9sz\u00fclt kos\u00e1rba gy\u0171jti, amely 75 literes.\u00a0Ekkora kos\u00e1rral nem kell olyan gyakran \u00fcr\u00edteni, \u00e9s gyorsabb is lesz a f\u0171ny\u00edr\u00e1s.<\/p>\n","protected":false},"excerpt":{"rendered":"<p>Benzinmotoros \u00f6nj\u00e1r\u00f3 f\u0171ny\u00edr\u00f3 elektromos \u00f6nind\u00edt\u00f3val, 53 cm sz\u00e9les.\u00a0224 cm3-es motor 4,4 kW n\u00e9vleges teljes\u00edtm\u00e9nnyel.\u00a0Kos\u00e1r 75 l.\u00a0A f\u0171ny\u00edr\u00f3 kb. 1500 m2-es ter\u00fclet ny\u00edr\u00e1s\u00e1ra alkalmas<\/p>\n","protected":false},"featured_media":646,"comment_status":"open","ping_status":"closed","template":"","meta":{"om_disable_all_campaigns":false,"_monsterinsights_skip_tracking":false,"_monsterinsights_sitenote_active":false,"_monsterinsights_sitenote_note":"","_monsterinsights_sitenote_category":0},"product_brand":[],"product_cat":[257],"product_tag":[],"class_list":{"0":"post-702","1":"product","2":"type-product","3":"status-publish","4":"has-post-thumbnail","6":"product_cat-onjaro","8":"first","9":"instock","10":"taxable","11":"shipping-taxable","12":"purchasable","13":"product-type-simple"},"aioseo_notices":[],"blog_post_layout_featured_media_urls":{"thumbnail":["https:\/\/i0.wp.com\/www.agroeshop.hu\/wp-content\/uploads\/2022\/09\/554-SXE.webp?resize=150%2C150&ssl=1",150,150,true],"full":["https:\/\/i0.wp.com\/www.agroeshop.hu\/wp-content\/uploads\/2022\/09\/554-SXE.webp?fit=590%2C590&ssl=1",590,590,false]},"categories":null,"categories_names":null,"comments_number":"0","jetpack-related-posts":[],"jetpack_sharing_enabled":true,"_links":{"self":[{"href":"https:\/\/www.agroeshop.hu\/index.php?rest_route=\/wp\/v2\/product\/702","targetHints":{"allow":["GET"]}}],"collection":[{"href":"https:\/\/www.agroeshop.hu\/index.php?rest_route=\/wp\/v2\/product"}],"about":[{"href":"https:\/\/www.agroeshop.hu\/index.php?rest_route=\/wp\/v2\/types\/product"}],"replies":[{"embeddable":true,"href":"https:\/\/www.agroeshop.hu\/index.php?rest_route=%2Fwp%2Fv2%2Fcomments&post=702"}],"wp:featuredmedia":[{"embeddable":true,"href":"https:\/\/www.agroeshop.hu\/index.php?rest_route=\/wp\/v2\/media\/646"}],"wp:attachment":[{"href":"https:\/\/www.agroeshop.hu\/index.php?rest_route=%2Fwp%2Fv2%2Fmedia&parent=702"}],"wp:term":[{"taxonomy":"product_brand","embeddable":true,"href":"https:\/\/www.agroeshop.hu\/index.php?rest_route=%2Fwp%2Fv2%2Fproduct_brand&post=702"},{"taxonomy":"product_cat","embeddable":true,"href":"https:\/\/www.agroeshop.hu\/index.php?rest_route=%2Fwp%2Fv2%2Fproduct_cat&post=702"},{"taxonomy":"product_tag","embeddable":true,"href":"https:\/\/www.agroeshop.hu\/index.php?rest_route=%2Fwp%2Fv2%2Fproduct_tag&post=702"}],"curies":[{"name":"wp","href":"https:\/\/api.w.org\/{rel}","templated":true}]}}