{"id":685,"date":"2022-09-24T19:02:32","date_gmt":"2022-09-24T18:02:32","guid":{"rendered":"https:\/\/www.agroeshop.hu\/?post_type=product&#038;p=685"},"modified":"2024-03-24T23:33:49","modified_gmt":"2024-03-24T22:33:49","slug":"hecht-543-swe-5-in-1-benzinmotoros-onjaro-funyiro","status":"publish","type":"product","link":"https:\/\/www.agroeshop.hu\/?product=hecht-543-swe-5-in-1-benzinmotoros-onjaro-funyiro","title":{"rendered":"HECHT 543 SWE 5 IN 1 &#8211; Benzinmotoros \u00f6nj\u00e1r\u00f3 f\u0171ny\u00edr\u00f3"},"content":{"rendered":"<h2 class=\"text-center fs_26 mb_20\">Term\u00e9k le\u00edr\u00e1sa<\/h2>\n<p>A HECHT 543 SWE egy benzinmotoros f\u0171ny\u00edr\u00f3 elektromos ind\u00edt\u00e1ssal, \u00f6nj\u00e1r\u00f3, maximum 800 m2 ter\u00fcleten t\u00f6rt\u00e9n\u0151 rendszeres f\u0171ny\u00edr\u00e1sra aj\u00e1nljuk. 4-\u00fctem\u0171 HECHT OHV motorral van felszerelve, 98,5 cm3 henger\u0171rtartalommal, ami 2,5 HP.<br \/>\nA f\u0171ny\u00edr\u00f3 alapj\u00e1t az er\u0151s ac\u00e9l v\u00e1z alkotja, amiben 43 cm-es munkasz\u00e9less\u00e9g\u0171 k\u00e9s forog. A k\u00e9s a k\u00e9start\u00f3ra k\u00f6zpontos\u00edt\u00f3, elfordul\u00e1sg\u00e1tl\u00f3val van r\u00f6gz\u00edtve, ami akad\u00e1lyba \u00fctk\u00f6z\u00e9skor a k\u00e9s elcs\u00fasz\u00e1s\u00e1t okozza. A k\u00e9s r\u00f6gz\u00edt\u00e9s\u00e9nek az a megold\u00e1sa sok esetben megel\u0151zheti a motor s\u00e9r\u00fcl\u00e9s\u00e9t vagy a tengely elferd\u00fcl\u00e9s\u00e9t. A v\u00e1g\u00e1si magass\u00e1got 25-t\u0151l 75 mm-ig lehet \u00e1ll\u00edtani, h\u00e9t poz\u00edci\u00f3ban.<br \/>\nA f\u00fcvet 50 l-es textil kos\u00e1rba lehet gy\u0171jteni, ami anyag\u00e1nak k\u00f6sz\u00f6nhet\u0151en nemcsak k\u00f6nny\u0171, de seg\u00edti a leveg\u0151 \u00e1raml\u00e1s\u00e1t, \u00edgy k\u00f6nnyen megtelik. A kos\u00e1r fels\u0151 r\u00e9sze aerodinamikus szintjelz\u0151vel van ell\u00e1tva, ami a kos\u00e1r megtel\u00e9sekor felemelkedik, ezzel jelezve, hogy itt az ideje a kos\u00e1r ki\u00fcr\u00edt\u00e9s\u00e9nek.<br \/>\nA f\u0171ny\u00edr\u00f3 tartoz\u00e9ka m\u00e9g az oldalkidob\u00f3 burkolat \u00e9s a mulcsoz\u00f3 \u00e9k. El\u00e9g levenni a gy\u0171jt\u0151kosarat, a h\u00e1ts\u00f3 kidob\u00f3ny\u00edl\u00e1sba beilleszteni a mulcsoz\u00f3 \u00e9ket. \u00e9s a speci\u00e1lis k\u00e9seknek k\u00f6sz\u00f6nhet\u0151en a f\u0171ny\u00edr\u00f3 k\u00e9szen \u00e1ll a mulcsoz\u00e1sra. A mulcsoz\u00e1s folyam\u00e1n a f\u0171 finom darabokra van \u00f6sszev\u00e1gva, amelyek szabadon lehullanak a f\u0171 gy\u00f6ker\u00e9hez. A finom \u00f6sszev\u00e1g\u00e1snak k\u00f6sz\u00f6nhet\u0151en megtartj\u00e1k a talajban a nedvess\u00e9get \u00e9s term\u00e9szetesen t\u00e1pl\u00e1lj\u00e1k a talajt. Ha az \u00e9kkel egy\u00fctt felteszi az oldalkidob\u00f3 burkolat\u00e1t is, a f\u00fcvet az oldalkidob\u00f3 haszn\u00e1lat\u00e1val tudja v\u00e1gni. Ez akkor el\u0151ny\u00f6s, ha a lev\u00e1gott f\u00fcvet nem szeretn\u00e9 \u00f6sszegy\u0171jteni, \u00e9s \u00edgy a nagyra n\u0151tt f\u00fcvet is le tudja v\u00e1gni.<br \/>\nA f\u0171ny\u00edr\u00f3 beind\u00edt\u00e1sa t\u00f6rt\u00e9nhet az elektromos ind\u00edt\u00f3val, vagy a klasszikus ber\u00e1nt\u00f3val is. Az elektromos ind\u00edt\u00e1s a foganty\u00fan tal\u00e1lhat\u00f3 ind\u00edt\u00f3gomb lenyom\u00e1s\u00e1val t\u00f6rt\u00e9nik. Az ind\u00edt\u00e1st 12 V-os akkumul\u00e1tor seg\u00edti, ami a foganty\u00fa panelj\u00e9ben tal\u00e1lhat\u00f3. \u00cdgy mindig j\u00f3l hozz\u00e1 lehet f\u00e9rni, \u00e9s a f\u0171ny\u00edr\u00f3 tartoz\u00e9ka az akkumul\u00e1tor t\u00f6lt\u0151 is, amit k\u00f6zvetlen\u00fcl a foganty\u00fan tal\u00e1lhat\u00f3, \u00edgy az akkumul\u00e1tort \u00fagy lehet t\u00f6lteni, hogy nem sz\u00fcks\u00e9ges kivenni a f\u0171ny\u00edr\u00f3b\u00f3l. A f\u0171ny\u00edr\u00f3t term\u00e9szetesen klasszikus ber\u00e1nt\u00e1ssal is be lehet ind\u00edtani.<br \/>\nA g\u00e9p haszn\u00e1lata nagyon egyszer\u0171, a motor hidegen ind\u00edt\u00e1s\u00e1nak megk\u00f6nny\u00edt\u00e9s\u00e9re sz\u00edvat\u00f3val is fel van szerelve. A motor ir\u00e1ny\u00edt\u00e1sa a foganty\u00fan tal\u00e1lhat\u00f3 karral t\u00f6rt\u00e9nik, a m\u00e1sik itt tal\u00e1lhat\u00f3 kar az \u00f6nj\u00e1r\u00f3t m\u0171k\u00f6dteti. A menetsebess\u00e9ge kb. 3,6 km\/h. A foganty\u00fa magass\u00e1ga is \u00e1ll\u00edthat\u00f3, \u00edgy mindenki a saj\u00e1t testmagass\u00e1g\u00e1hoz legk\u00e9nyelmesebb poz\u00edci\u00f3t tudja kiv\u00e1lasztani. A foganty\u00fat egyszer\u0171en \u00e9s gyorsan \u00f6ssze lehet csukni, amit nagyra fog \u00e9rt\u00e9kelni p\u00e9ld\u00e1ul a sz\u00e1ll\u00edt\u00e1skor vagy rakt\u00e1roz\u00e1skor.<\/p>\n","protected":false},"excerpt":{"rendered":"<h2 class=\"text-center fs_26 mb_20\">Param\u00e9terek<\/h2>\n<table class=\"detail-table\">\n<colgroup>\n<col width=\"50%\" \/>\n<col \/><\/colgroup>\n<tbody>\n<tr>\n<td>motor<\/td>\n<td>HECHT OHV<\/td>\n<\/tr>\n<tr>\n<td>munkasz\u00e9less\u00e9g<\/td>\n<td>43 cm<\/td>\n<\/tr>\n<tr>\n<td>t\u00f6meg<\/td>\n<td>33,7 kg<\/td>\n<\/tr>\n<tr>\n<td>v\u00e1g\u00e1si magass\u00e1g<\/td>\n<td>25-75 mm<\/td>\n<\/tr>\n<tr>\n<td>f\u00e9mh\u00e1zas<\/td>\n<td>igen<\/td>\n<\/tr>\n<tr>\n<td>gy\u0171jt\u0151kos\u00e1r<\/td>\n<td>50 l<\/td>\n<\/tr>\n<tr>\n<td>Akkumul\u00e1tor<\/td>\n<td>DC 12V, 4,5 Ah Ah<\/td>\n<\/tr>\n<tr>\n<td>motor t\u00e9rfogat<\/td>\n<td>98,5 cm3<\/td>\n<\/tr>\n<tr>\n<td>teljes\u00edtm\u00e9ny SAE J1940 szerint<\/td>\n<td>2,5 HP<\/td>\n<\/tr>\n<tr>\n<td>aj\u00e1nlott ter\u00fclet<\/td>\n<td>750 m2<\/td>\n<\/tr>\n<tr>\n<td>kerekek els\u0151\/h\u00e1ts\u00f3 \u00e1tm\u00e9r\u0151je<\/td>\n<td>8\/11 coll<\/td>\n<\/tr>\n<tr>\n<td>oldalkidob\u00f3<\/td>\n<td>igen<\/td>\n<\/tr>\n<tr>\n<td>Mulcsoz\u00f3 bet\u00e9t<\/td>\n<td>igen<\/td>\n<\/tr>\n<tr>\n<td>max. nyomat\u00e9k<\/td>\n<td>5,1 Nm<\/td>\n<\/tr>\n<tr>\n<td>\u00d6nind\u00edt\u00f3<\/td>\n<td>igen<\/td>\n<\/tr>\n<\/tbody>\n<\/table>\n","protected":false},"featured_media":627,"comment_status":"open","ping_status":"closed","template":"","meta":{"om_disable_all_campaigns":false,"_monsterinsights_skip_tracking":false,"_monsterinsights_sitenote_active":false,"_monsterinsights_sitenote_note":"","_monsterinsights_sitenote_category":0},"product_brand":[],"product_cat":[257],"product_tag":[],"class_list":{"0":"post-685","1":"product","2":"type-product","3":"status-publish","4":"has-post-thumbnail","6":"product_cat-onjaro","8":"first","9":"instock","10":"taxable","11":"shipping-taxable","12":"purchasable","13":"product-type-simple"},"aioseo_notices":[],"blog_post_layout_featured_media_urls":{"thumbnail":["https:\/\/i0.wp.com\/www.agroeshop.hu\/wp-content\/uploads\/2022\/09\/543-SWE-5-IN-1.webp?resize=150%2C150&ssl=1",150,150,true],"full":["https:\/\/i0.wp.com\/www.agroeshop.hu\/wp-content\/uploads\/2022\/09\/543-SWE-5-IN-1.webp?fit=590%2C590&ssl=1",590,590,false]},"categories":null,"categories_names":null,"comments_number":"0","jetpack-related-posts":[],"jetpack_sharing_enabled":true,"_links":{"self":[{"href":"https:\/\/www.agroeshop.hu\/index.php?rest_route=\/wp\/v2\/product\/685","targetHints":{"allow":["GET"]}}],"collection":[{"href":"https:\/\/www.agroeshop.hu\/index.php?rest_route=\/wp\/v2\/product"}],"about":[{"href":"https:\/\/www.agroeshop.hu\/index.php?rest_route=\/wp\/v2\/types\/product"}],"replies":[{"embeddable":true,"href":"https:\/\/www.agroeshop.hu\/index.php?rest_route=%2Fwp%2Fv2%2Fcomments&post=685"}],"wp:featuredmedia":[{"embeddable":true,"href":"https:\/\/www.agroeshop.hu\/index.php?rest_route=\/wp\/v2\/media\/627"}],"wp:attachment":[{"href":"https:\/\/www.agroeshop.hu\/index.php?rest_route=%2Fwp%2Fv2%2Fmedia&parent=685"}],"wp:term":[{"taxonomy":"product_brand","embeddable":true,"href":"https:\/\/www.agroeshop.hu\/index.php?rest_route=%2Fwp%2Fv2%2Fproduct_brand&post=685"},{"taxonomy":"product_cat","embeddable":true,"href":"https:\/\/www.agroeshop.hu\/index.php?rest_route=%2Fwp%2Fv2%2Fproduct_cat&post=685"},{"taxonomy":"product_tag","embeddable":true,"href":"https:\/\/www.agroeshop.hu\/index.php?rest_route=%2Fwp%2Fv2%2Fproduct_tag&post=685"}],"curies":[{"name":"wp","href":"https:\/\/api.w.org\/{rel}","templated":true}]}}