{"id":621,"date":"2022-09-23T19:42:32","date_gmt":"2022-09-23T18:42:32","guid":{"rendered":"https:\/\/www.agroeshop.hu\/?post_type=product&#038;p=621"},"modified":"2024-03-24T23:33:48","modified_gmt":"2024-03-24T22:33:48","slug":"hecht-5511-benzinmotoros-funyiro","status":"publish","type":"product","link":"https:\/\/www.agroeshop.hu\/?product=hecht-5511-benzinmotoros-funyiro","title":{"rendered":"HECHT 5511 &#8211; Benzinmotoros f\u0171ny\u00edr\u00f3"},"content":{"rendered":"<h2 class=\"text-center fs_26 mb_20\">Term\u00e9k le\u00edr\u00e1sa<\/h2>\n<p>Oldalkidob\u00f3val\u00a0\u00e9s mulcsoz\u00f3 bet\u00e9ttel<\/p>\n<p>Hajt\u00e1s n\u00e9lk\u00fcli<\/p>\n<p>K\u00f6zponti magass\u00e1g \u00e1ll\u00edt\u00e1s<\/p>\n<p>Csak oldalkidob\u00f3<\/p>\n<p>&nbsp;<\/p>\n<p><strong>A term\u00e9k el\u0151nyei:<\/strong><\/p>\n<p>&nbsp;<\/p>\n<ul>\n<li>Min\u0151s\u00e9gi, OHV 139 ccm rendszer\u0171 benzinmotor<\/li>\n<li>A mulcsoz\u00f3 f\u0171ny\u00edr\u00f3t azon vev\u0151k fogj\u00e1k \u00e9rt\u00e9kelni, aki gyorsan szeretn\u00e9k lev\u00e1gni a f\u00fcvet \u00e9s nem akarj\u00e1k a kos\u00e1r \u00fcr\u00edt\u00e9s\u00e9vel t\u00f6lteni idej\u00fcket<\/li>\n<li>Nem jelent t\u00f6bb\u00e9 gondot, hogy mi legyen a f\u0171vel<\/li>\n<li>A f\u0171ny\u00edr\u00f3 a f\u00fcvet megfelel\u0151 m\u00f3don sz\u00e9tapr\u00edrja \u00e9s visszajuttatja a gyepre, ezzel t\u00e1panyagot is juttat a gyepre<\/li>\n<li>A magas forg\u00f3nyomat\u00e9knak k\u00f6sz\u00f6nhet\u0151en nem okoz gondot a s\u0171r\u0171bb gyep sem<\/li>\n<li>A kerekek min\u0151s\u00e9gi goly\u00f3s csap\u00e1gyakkal vannak ell\u00e1tva, ami minim\u00e1lisra cs\u00f6kkenti az ellen\u00e1ll\u00e1st<\/li>\n<li>A v\u00e1g\u00f3magass\u00e1g k\u00f6zpontilag t\u00f6rt\u00e9n\u0151 be\u00e1ll\u00edt\u00e1sa n\u00f6veli a k\u00e9nyelmet a munka sor\u00e1n<\/li>\n<li>Az \u00e1r tartalmazza az oldalkidob\u00e1si lehet\u0151s\u00e9get \u00e9s a mulcsbet\u00e9tet<\/li>\n<li>A puha markolattal ell\u00e1tott k\u00e9nyelmes foganty\u00fa n\u00f6veli a komfortos haszn\u00e1latot a munka sor\u00e1n<\/li>\n<\/ul>\n<ul>\n<li>Gyorsan \u00f6sszecsukhat\u00f3 foganty\u00fa a k\u00f6nnyebb sz\u00e1ll\u00edt\u00e1s, \u00e9s az \u00d6n gar\u00e1zs\u00e1ban val\u00f3 helytakar\u00e9koss\u00e1g \u00e9rdek\u00e9ben<\/li>\n<\/ul>\n","protected":false},"excerpt":{"rendered":"<h2 class=\"text-center fs_26 mb_20\">Param\u00e9terek<\/h2>\n<table class=\"detail-table\">\n<colgroup>\n<col width=\"50%\" \/>\n<col \/><\/colgroup>\n<tbody>\n<tr>\n<td>munkasz\u00e9less\u00e9g<\/td>\n<td>51 cm<\/td>\n<\/tr>\n<tr>\n<td>t\u00f6meg<\/td>\n<td>24,2 kg<\/td>\n<\/tr>\n<tr>\n<td>f\u00e9mh\u00e1zas<\/td>\n<td>igen<\/td>\n<\/tr>\n<tr>\n<td>motor t\u00e9rfogat<\/td>\n<td>144 cm3<\/td>\n<\/tr>\n<tr>\n<td>teljes\u00edtm\u00e9ny SAE J1940 szerint<\/td>\n<td>3,4 HP<\/td>\n<\/tr>\n<tr>\n<td>aj\u00e1nlott ter\u00fclet<\/td>\n<td>1000 m2<\/td>\n<\/tr>\n<tr>\n<td>kerekek els\u0151\/h\u00e1ts\u00f3 \u00e1tm\u00e9r\u0151je<\/td>\n<td>7\/10 coll<\/td>\n<\/tr>\n<tr>\n<td>oldalkidob\u00f3<\/td>\n<td>\u2714\ufe0f<\/td>\n<\/tr>\n<tr>\n<td>Mulcsoz\u00f3 bet\u00e9t<\/td>\n<td>\u2714\ufe0f<\/td>\n<\/tr>\n<tr>\n<td>v\u00e1g\u00e1si magass\u00e1ga<\/td>\n<td>30-80 mm<\/td>\n<\/tr>\n<\/tbody>\n<\/table>\n","protected":false},"featured_media":532,"comment_status":"open","ping_status":"closed","template":"","meta":{"om_disable_all_campaigns":false,"_monsterinsights_skip_tracking":false,"_monsterinsights_sitenote_active":false,"_monsterinsights_sitenote_note":"","_monsterinsights_sitenote_category":0},"product_brand":[],"product_cat":[258],"product_tag":[],"class_list":{"0":"post-621","1":"product","2":"type-product","3":"status-publish","4":"has-post-thumbnail","6":"product_cat-hajtas-nelkuli","8":"first","9":"instock","10":"taxable","11":"shipping-taxable","12":"purchasable","13":"product-type-simple"},"aioseo_notices":[],"blog_post_layout_featured_media_urls":{"thumbnail":["https:\/\/i0.wp.com\/www.agroeshop.hu\/wp-content\/uploads\/2022\/09\/5511.webp?resize=150%2C150&ssl=1",150,150,true],"full":["https:\/\/i0.wp.com\/www.agroeshop.hu\/wp-content\/uploads\/2022\/09\/5511.webp?fit=590%2C590&ssl=1",590,590,false]},"categories":null,"categories_names":null,"comments_number":"0","jetpack-related-posts":[],"jetpack_sharing_enabled":true,"_links":{"self":[{"href":"https:\/\/www.agroeshop.hu\/index.php?rest_route=\/wp\/v2\/product\/621","targetHints":{"allow":["GET"]}}],"collection":[{"href":"https:\/\/www.agroeshop.hu\/index.php?rest_route=\/wp\/v2\/product"}],"about":[{"href":"https:\/\/www.agroeshop.hu\/index.php?rest_route=\/wp\/v2\/types\/product"}],"replies":[{"embeddable":true,"href":"https:\/\/www.agroeshop.hu\/index.php?rest_route=%2Fwp%2Fv2%2Fcomments&post=621"}],"wp:featuredmedia":[{"embeddable":true,"href":"https:\/\/www.agroeshop.hu\/index.php?rest_route=\/wp\/v2\/media\/532"}],"wp:attachment":[{"href":"https:\/\/www.agroeshop.hu\/index.php?rest_route=%2Fwp%2Fv2%2Fmedia&parent=621"}],"wp:term":[{"taxonomy":"product_brand","embeddable":true,"href":"https:\/\/www.agroeshop.hu\/index.php?rest_route=%2Fwp%2Fv2%2Fproduct_brand&post=621"},{"taxonomy":"product_cat","embeddable":true,"href":"https:\/\/www.agroeshop.hu\/index.php?rest_route=%2Fwp%2Fv2%2Fproduct_cat&post=621"},{"taxonomy":"product_tag","embeddable":true,"href":"https:\/\/www.agroeshop.hu\/index.php?rest_route=%2Fwp%2Fv2%2Fproduct_tag&post=621"}],"curies":[{"name":"wp","href":"https:\/\/api.w.org\/{rel}","templated":true}]}}