{"id":2842,"date":"2023-12-13T15:25:30","date_gmt":"2023-12-13T14:25:30","guid":{"rendered":"https:\/\/www.agroeshop.hu\/?post_type=product&#038;p=2842"},"modified":"2024-03-24T23:35:45","modified_gmt":"2024-03-24T22:35:45","slug":"algaol-5l","status":"publish","type":"product","link":"https:\/\/www.agroeshop.hu\/?product=algaol-5l","title":{"rendered":"Alga\u00f6l 5L"},"content":{"rendered":"<p>&#8211; foly\u00e9kony, kl\u00f3rmentes, enyh\u00e9n habz\u00f3<br \/>\n&#8211; semleges k\u00e9mhat\u00e1s\u00fa, oldata szagtalan<br \/>\n&#8211; m\u00e1s uszodavegyszerekkel egy\u00fctt alkalmazhat\u00f3<\/p>\n<p>Alkalmaz\u00e1s: 10 m3 v\u00edzhez els\u0151 alkalommal 200-400 ml, majd a kezdeti adagol\u00e1st k\u00f6vet\u0151en megel\u0151z\u00e9s c\u00e9lj\u00e1b\u00f3l hetente 50-100 ml. Mindig a medence sz\u00e9l\u00e9n haladva lassan \u00f6nts\u00fck a v\u00edzbe. Nagy terhel\u00e9s, magas h\u0151m\u00e9rs\u00e9klet ill. es\u0151z\u00e9sek idej\u00e9n enn\u00e9l nagyobb mennyis\u00e9g adagol\u00e1sa sz\u00fcks\u00e9ges, min. 200-400 ml\/m3! Csak \u00fasz\u00f3\/f\u00fcrd\u0151medenc\u00e9kben alkalmazhat\u00f3, term\u00e9szetes kerti tavakban nem, az \u00e9l\u0151vil\u00e1gra vesz\u00e9lyes! Ide\u00e1lis kl\u00f3rtartalom: 0,6-1,0 mg\/l, ide\u00e1lis pH-\u00e9rt\u00e9k: 7,2-7,6.<br \/>\nKiszerel\u00e9s: 5 liter<\/p>\n","protected":false},"excerpt":{"rendered":"<p>&#8211; foly\u00e9kony, kl\u00f3rmentes, enyh\u00e9n habz\u00f3 &#8211; semleges k\u00e9mhat\u00e1s\u00fa, oldata szagtalan &#8211; m\u00e1s uszodavegyszerekkel egy\u00fctt alkalmazhat\u00f3 Alkalmaz\u00e1s: 10 m3 v\u00edzhez els\u0151 alkalommal 200-400 ml, majd a kezdeti adagol\u00e1st k\u00f6vet\u0151en megel\u0151z\u00e9s c\u00e9lj\u00e1b\u00f3l hetente 50-100 ml. Mindig a medence sz\u00e9l\u00e9n haladva lassan \u00f6nts\u00fck a v\u00edzbe. Nagy terhel\u00e9s, magas h\u0151m\u00e9rs\u00e9klet ill. es\u0151z\u00e9sek idej\u00e9n enn\u00e9l nagyobb mennyis\u00e9g adagol\u00e1sa sz\u00fcks\u00e9ges, min.<\/p>\n<div class=\"more-link\">\n\t\t\t\t <a href=\"https:\/\/www.agroeshop.hu\/?product=algaol-5l\" class=\"btn theme-btn inverted\"><span>B\u0151vebben <\/span><\/a>\n\t\t\t<\/div>\n","protected":false},"featured_media":2843,"comment_status":"open","ping_status":"closed","template":"","meta":{"om_disable_all_campaigns":false,"_monsterinsights_skip_tracking":false,"_monsterinsights_sitenote_active":false,"_monsterinsights_sitenote_note":"","_monsterinsights_sitenote_category":0},"product_brand":[],"product_cat":[302],"product_tag":[],"class_list":{"0":"post-2842","1":"product","2":"type-product","3":"status-publish","4":"has-post-thumbnail","6":"product_cat-medence-vegyszer","8":"first","9":"instock","10":"taxable","11":"shipping-taxable","12":"purchasable","13":"product-type-simple"},"aioseo_notices":[],"blog_post_layout_featured_media_urls":{"thumbnail":["https:\/\/i0.wp.com\/www.agroeshop.hu\/wp-content\/uploads\/2023\/12\/34801.jpg?resize=150%2C150&ssl=1",150,150,true],"full":["https:\/\/i0.wp.com\/www.agroeshop.hu\/wp-content\/uploads\/2023\/12\/34801.jpg?fit=452%2C600&ssl=1",452,600,false]},"categories":null,"categories_names":null,"comments_number":"0","jetpack-related-posts":[],"jetpack_sharing_enabled":true,"_links":{"self":[{"href":"https:\/\/www.agroeshop.hu\/index.php?rest_route=\/wp\/v2\/product\/2842","targetHints":{"allow":["GET"]}}],"collection":[{"href":"https:\/\/www.agroeshop.hu\/index.php?rest_route=\/wp\/v2\/product"}],"about":[{"href":"https:\/\/www.agroeshop.hu\/index.php?rest_route=\/wp\/v2\/types\/product"}],"replies":[{"embeddable":true,"href":"https:\/\/www.agroeshop.hu\/index.php?rest_route=%2Fwp%2Fv2%2Fcomments&post=2842"}],"wp:featuredmedia":[{"embeddable":true,"href":"https:\/\/www.agroeshop.hu\/index.php?rest_route=\/wp\/v2\/media\/2843"}],"wp:attachment":[{"href":"https:\/\/www.agroeshop.hu\/index.php?rest_route=%2Fwp%2Fv2%2Fmedia&parent=2842"}],"wp:term":[{"taxonomy":"product_brand","embeddable":true,"href":"https:\/\/www.agroeshop.hu\/index.php?rest_route=%2Fwp%2Fv2%2Fproduct_brand&post=2842"},{"taxonomy":"product_cat","embeddable":true,"href":"https:\/\/www.agroeshop.hu\/index.php?rest_route=%2Fwp%2Fv2%2Fproduct_cat&post=2842"},{"taxonomy":"product_tag","embeddable":true,"href":"https:\/\/www.agroeshop.hu\/index.php?rest_route=%2Fwp%2Fv2%2Fproduct_tag&post=2842"}],"curies":[{"name":"wp","href":"https:\/\/api.w.org\/{rel}","templated":true}]}}