{"id":2765,"date":"2023-12-13T08:55:22","date_gmt":"2023-12-13T07:55:22","guid":{"rendered":"https:\/\/www.agroeshop.hu\/?post_type=product&#038;p=2765"},"modified":"2024-03-24T23:35:42","modified_gmt":"2024-03-24T22:35:42","slug":"top-davos-o1-src-munkavedelmi-cipo","status":"publish","type":"product","link":"https:\/\/www.agroeshop.hu\/?product=top-davos-o1-src-munkavedelmi-cipo","title":{"rendered":"TOP DAVOS O1 SRC MUNKAV\u00c9DELMI CIP\u0150"},"content":{"rendered":"<h2>Egy klasszikus munkav\u00e9delmi f\u00e9lcip\u0151, kapli n\u00e9lk\u00fcl, de k\u00fcls\u0151 orrbor\u00edt\u00e1ssal \u00e9s cs\u00fasz\u00e1sbiztos talppal ell\u00e1tva.<\/h2>\n<p><strong>Tulajdons\u00e1gai:<\/strong><\/p>\n<ul>\n<li>O1 SRC, cs\u00fasz\u00e1sbiztos v\u00e9d\u0151cip\u0151.<\/li>\n<li>Orrmerev\u00edt\u0151 n\u00e9lk\u00fcl.<\/li>\n<li>K\u00fcls\u0151 orr r\u00e9szen PU bor\u00edt\u00e1s v\u00e9di a l\u00e1bbelit a s\u00e9r\u00fcl\u00e9sekt\u0151l.<\/li>\n<li>Antisztatikus, olaj\u00e1ll\u00f3, k\u00e9tr\u00e9teg\u0171 PU talp.<\/li>\n<\/ul>\n<p><strong>M\u00e9ret:<\/strong> 39-47<\/p>\n<p><strong>Kiknek aj\u00e1nljuk?<\/strong><\/p>\n<p>Minden olyan munatev\u00e9kenys\u00e9get v\u00e9gz\u0151 szakembernek, akik\u00a0szeretik a kalasszikus kivitel\u0171 l\u00e1bbeliket.<\/p>\n<p>Valamint akiknek munk\u00e1jukhoz nem sz\u00fcks\u00e9ges, hogy v\u00e9d\u0151cip\u0151j\u00fck orrmerev\u00edt\u0151vel legyenek ell\u00e1tva.<\/p>\n<p>&nbsp;<\/p>\n","protected":false},"excerpt":{"rendered":"<p>Egy klasszikus munkav\u00e9delmi f\u00e9lcip\u0151, kapli n\u00e9lk\u00fcl, de k\u00fcls\u0151 orrbor\u00edt\u00e1ssal \u00e9s cs\u00fasz\u00e1sbiztos talppal ell\u00e1tva. Tulajdons\u00e1gai: O1 SRC, cs\u00fasz\u00e1sbiztos v\u00e9d\u0151cip\u0151. Orrmerev\u00edt\u0151 n\u00e9lk\u00fcl. K\u00fcls\u0151 orr r\u00e9szen PU bor\u00edt\u00e1s v\u00e9di a l\u00e1bbelit a s\u00e9r\u00fcl\u00e9sekt\u0151l. Antisztatikus, olaj\u00e1ll\u00f3, k\u00e9tr\u00e9teg\u0171 PU talp. M\u00e9ret: 39-47 Kiknek aj\u00e1nljuk? Minden olyan munatev\u00e9kenys\u00e9get v\u00e9gz\u0151 szakembernek, akik\u00a0szeretik a kalasszikus kivitel\u0171 l\u00e1bbeliket. Valamint akiknek munk\u00e1jukhoz nem sz\u00fcks\u00e9ges, hogy<\/p>\n<div class=\"more-link\">\n\t\t\t\t <a href=\"https:\/\/www.agroeshop.hu\/?product=top-davos-o1-src-munkavedelmi-cipo\" class=\"btn theme-btn inverted\"><span>B\u0151vebben <\/span><\/a>\n\t\t\t<\/div>\n","protected":false},"featured_media":2764,"comment_status":"open","ping_status":"closed","template":"","meta":{"om_disable_all_campaigns":false,"_monsterinsights_skip_tracking":false,"_monsterinsights_sitenote_active":false,"_monsterinsights_sitenote_note":"","_monsterinsights_sitenote_category":0},"product_brand":[],"product_cat":[300],"product_tag":[],"class_list":{"0":"post-2765","1":"product","2":"type-product","3":"status-publish","4":"has-post-thumbnail","6":"product_cat-csizmakcipokszandalok","8":"first","9":"instock","10":"taxable","11":"shipping-taxable","12":"purchasable","13":"product-type-variable"},"aioseo_notices":[],"blog_post_layout_featured_media_urls":{"thumbnail":["https:\/\/i0.wp.com\/www.agroeshop.hu\/wp-content\/uploads\/2023\/12\/TOP_DERBY_S1P_SRC_munkavedelmi_cipo-i97732.jpg?resize=150%2C150&ssl=1",150,150,true],"full":["https:\/\/i0.wp.com\/www.agroeshop.hu\/wp-content\/uploads\/2023\/12\/TOP_DERBY_S1P_SRC_munkavedelmi_cipo-i97732.jpg?fit=1000%2C1000&ssl=1",1000,1000,false]},"categories":null,"categories_names":null,"comments_number":"0","jetpack-related-posts":[],"jetpack_sharing_enabled":true,"_links":{"self":[{"href":"https:\/\/www.agroeshop.hu\/index.php?rest_route=\/wp\/v2\/product\/2765","targetHints":{"allow":["GET"]}}],"collection":[{"href":"https:\/\/www.agroeshop.hu\/index.php?rest_route=\/wp\/v2\/product"}],"about":[{"href":"https:\/\/www.agroeshop.hu\/index.php?rest_route=\/wp\/v2\/types\/product"}],"replies":[{"embeddable":true,"href":"https:\/\/www.agroeshop.hu\/index.php?rest_route=%2Fwp%2Fv2%2Fcomments&post=2765"}],"wp:featuredmedia":[{"embeddable":true,"href":"https:\/\/www.agroeshop.hu\/index.php?rest_route=\/wp\/v2\/media\/2764"}],"wp:attachment":[{"href":"https:\/\/www.agroeshop.hu\/index.php?rest_route=%2Fwp%2Fv2%2Fmedia&parent=2765"}],"wp:term":[{"taxonomy":"product_brand","embeddable":true,"href":"https:\/\/www.agroeshop.hu\/index.php?rest_route=%2Fwp%2Fv2%2Fproduct_brand&post=2765"},{"taxonomy":"product_cat","embeddable":true,"href":"https:\/\/www.agroeshop.hu\/index.php?rest_route=%2Fwp%2Fv2%2Fproduct_cat&post=2765"},{"taxonomy":"product_tag","embeddable":true,"href":"https:\/\/www.agroeshop.hu\/index.php?rest_route=%2Fwp%2Fv2%2Fproduct_tag&post=2765"}],"curies":[{"name":"wp","href":"https:\/\/api.w.org\/{rel}","templated":true}]}}