{"id":1044,"date":"2022-09-28T10:37:26","date_gmt":"2022-09-28T09:37:26","guid":{"rendered":"https:\/\/www.agroeshop.hu\/?post_type=product&#038;p=1044"},"modified":"2024-03-24T23:34:16","modified_gmt":"2024-03-24T22:34:16","slug":"hecht-3011-szenyezett-viz-szivattyu","status":"publish","type":"product","link":"https:\/\/www.agroeshop.hu\/?product=hecht-3011-szenyezett-viz-szivattyu","title":{"rendered":"HECHT 3011 &#8211; Szenyezett v\u00edz szivatty\u00fa"},"content":{"rendered":"<h2 class=\"text-center fs_26 mb_20\">Term\u00e9k le\u00edr\u00e1sa<\/h2>\n<p>Hecht 3011 b\u00fav\u00e1rszivatty\u00fa egy 1100W teljes\u00edtm\u00e9ny\u0171, multifunkci\u00f3s szivatty\u00fa, mely alkalmazhat\u00f3 b\u00fav\u00e1r szivatty\u00fak\u00e9nt tisztav\u00edzhez, valamint otthoni haszn\u00e1latra szennyezett v\u00edzhez is. Haszn\u00e1lhat\u00f3 t\u00e1rol\u00f3k, medenc\u00e9k, vagy el\u00e1rasztott pinc\u00e9k ki szivatty\u00faz\u00e1s\u00e1ra. 10 m-es gumis bek\u00f6t\u0151 k\u00e1bel. Elektromos motor 230 V\/50 Hz Teljes\u00edtm\u00e9ny 1100 W Max. emel\u0151magass\u00e1g 10 m Max. \u00e1tfoly\u00e1s 16000 l\/\u00f3ra<\/p>\n","protected":false},"excerpt":{"rendered":"<h2 class=\"text-center fs_26 mb_20\">Param\u00e9terek<\/h2>\n<table class=\"detail-table\">\n<colgroup>\n<col width=\"50%\" \/>\n<col \/><\/colgroup>\n<tbody>\n<tr>\n<td>teljes\u00edtm\u00e9ny (W)<\/td>\n<td>1100<\/td>\n<\/tr>\n<tr>\n<td>max. emel\u0151magass\u00e1g<\/td>\n<td>10 m<\/td>\n<\/tr>\n<tr>\n<td>max. \u00e1tfoly\u00e1s<\/td>\n<td>16000 l\/\u00f3ra<\/td>\n<\/tr>\n<tr>\n<td>max. mer\u00fcl\u00e9si m\u00e9lys\u00e9g<\/td>\n<td>11 m<\/td>\n<\/tr>\n<\/tbody>\n<\/table>\n","protected":false},"featured_media":1045,"comment_status":"open","ping_status":"closed","template":"","meta":{"om_disable_all_campaigns":false,"_monsterinsights_skip_tracking":false,"_monsterinsights_sitenote_active":false,"_monsterinsights_sitenote_note":"","_monsterinsights_sitenote_category":0},"product_brand":[],"product_cat":[131],"product_tag":[],"class_list":{"0":"post-1044","1":"product","2":"type-product","3":"status-publish","4":"has-post-thumbnail","6":"product_cat-meruloszivattyuk","8":"first","9":"instock","10":"taxable","11":"shipping-taxable","12":"purchasable","13":"product-type-simple"},"aioseo_notices":[],"blog_post_layout_featured_media_urls":{"thumbnail":["https:\/\/i0.wp.com\/www.agroeshop.hu\/wp-content\/uploads\/2022\/09\/3011.webp?resize=150%2C150&ssl=1",150,150,true],"full":["https:\/\/i0.wp.com\/www.agroeshop.hu\/wp-content\/uploads\/2022\/09\/3011.webp?fit=590%2C590&ssl=1",590,590,false]},"categories":null,"categories_names":null,"comments_number":"0","jetpack-related-posts":[],"jetpack_sharing_enabled":true,"_links":{"self":[{"href":"https:\/\/www.agroeshop.hu\/index.php?rest_route=\/wp\/v2\/product\/1044","targetHints":{"allow":["GET"]}}],"collection":[{"href":"https:\/\/www.agroeshop.hu\/index.php?rest_route=\/wp\/v2\/product"}],"about":[{"href":"https:\/\/www.agroeshop.hu\/index.php?rest_route=\/wp\/v2\/types\/product"}],"replies":[{"embeddable":true,"href":"https:\/\/www.agroeshop.hu\/index.php?rest_route=%2Fwp%2Fv2%2Fcomments&post=1044"}],"wp:featuredmedia":[{"embeddable":true,"href":"https:\/\/www.agroeshop.hu\/index.php?rest_route=\/wp\/v2\/media\/1045"}],"wp:attachment":[{"href":"https:\/\/www.agroeshop.hu\/index.php?rest_route=%2Fwp%2Fv2%2Fmedia&parent=1044"}],"wp:term":[{"taxonomy":"product_brand","embeddable":true,"href":"https:\/\/www.agroeshop.hu\/index.php?rest_route=%2Fwp%2Fv2%2Fproduct_brand&post=1044"},{"taxonomy":"product_cat","embeddable":true,"href":"https:\/\/www.agroeshop.hu\/index.php?rest_route=%2Fwp%2Fv2%2Fproduct_cat&post=1044"},{"taxonomy":"product_tag","embeddable":true,"href":"https:\/\/www.agroeshop.hu\/index.php?rest_route=%2Fwp%2Fv2%2Fproduct_tag&post=1044"}],"curies":[{"name":"wp","href":"https:\/\/api.w.org\/{rel}","templated":true}]}}